[INFO] cloning repository https://github.com/PerpetualColor/sdl_physics
[INFO] running `Command { std: "git" "-c" "credential.helper=" "-c" "credential.helper=/workspace/cargo-home/bin/git-credential-null" "clone" "--bare" "https://github.com/PerpetualColor/sdl_physics" "/workspace/cache/git-repos/https%3A%2F%2Fgithub.com%2FPerpetualColor%2Fsdl_physics", kill_on_drop: false }`
[INFO] [stderr] Cloning into bare repository '/workspace/cache/git-repos/https%3A%2F%2Fgithub.com%2FPerpetualColor%2Fsdl_physics'...
[INFO] running `Command { std: "git" "rev-parse" "HEAD", kill_on_drop: false }`
[INFO] [stdout] b3c4bf5f69df80e2e1e56675cf734031c69f226a
[INFO] checking PerpetualColor/sdl_physics against try#72f88fc4e9458f89516a0b8b0868f3718aec5b47 for pr-74989
[INFO] running `Command { std: "git" "clone" "/workspace/cache/git-repos/https%3A%2F%2Fgithub.com%2FPerpetualColor%2Fsdl_physics" "/workspace/builds/worker-5/source", kill_on_drop: false }`
[INFO] [stderr] Cloning into '/workspace/builds/worker-5/source'...
[INFO] [stderr] done.
[INFO] validating manifest of git repo https://github.com/PerpetualColor/sdl_physics on toolchain 72f88fc4e9458f89516a0b8b0868f3718aec5b47
[INFO] running `Command { std: "/workspace/cargo-home/bin/cargo" "+72f88fc4e9458f89516a0b8b0868f3718aec5b47" "read-manifest" "--manifest-path" "Cargo.toml", kill_on_drop: false }`
[INFO] started tweaking git repo https://github.com/PerpetualColor/sdl_physics
[INFO] removed path dependency gl from git repo https://github.com/PerpetualColor/sdl_physics
[INFO] finished tweaking git repo https://github.com/PerpetualColor/sdl_physics
[INFO] tweaked toml for git repo https://github.com/PerpetualColor/sdl_physics written to /workspace/builds/worker-5/source/Cargo.toml
[INFO] crate git repo https://github.com/PerpetualColor/sdl_physics already has a lockfile, it will not be regenerated
[INFO] running `Command { std: "/workspace/cargo-home/bin/cargo" "+72f88fc4e9458f89516a0b8b0868f3718aec5b47" "fetch" "--locked" "--manifest-path" "Cargo.toml", kill_on_drop: false }`
[INFO] [stderr] warning: dependency (gl) specified without providing a local path, Git repository, or version to use. This will be considered an error in future versions
[INFO] [stderr]     Updating crates.io index
[INFO] [stderr] error: the lock file /workspace/builds/worker-5/source/Cargo.lock needs to be updated but --locked was passed to prevent this
[INFO] [stderr] If you want to try to generate the lock file without accessing the network, use the --offline flag.
[INFO] the lockfile is outdated, regenerating it
[INFO] running `Command { std: "/workspace/cargo-home/bin/cargo" "+72f88fc4e9458f89516a0b8b0868f3718aec5b47" "generate-lockfile" "--manifest-path" "Cargo.toml" "-Zno-index-update", kill_on_drop: false }`
[INFO] [stderr]     Blocking waiting for file lock on package cache
[INFO] running `Command { std: "/workspace/cargo-home/bin/cargo" "+72f88fc4e9458f89516a0b8b0868f3718aec5b47" "fetch" "--locked" "--manifest-path" "Cargo.toml", kill_on_drop: false }`
[INFO] [stderr] warning: dependency (gl) specified without providing a local path, Git repository, or version to use. This will be considered an error in future versions
[INFO] [stderr]     Blocking waiting for file lock on package cache
[INFO] [stderr]     Blocking waiting for file lock on package cache
[INFO] [stderr]  Downloading crates ...
[INFO] [stderr]   Downloaded freetype-sys v0.7.1
[INFO] [stderr]   Downloaded freetype-rs v0.19.1
[INFO] running `Command { std: "docker" "create" "-v" "/var/lib/crater-agent-workspace/builds/worker-5/target:/opt/rustwide/target:rw,Z" "-v" "/var/lib/crater-agent-workspace/builds/worker-5/source:/opt/rustwide/workdir:ro,Z" "-v" "/var/lib/crater-agent-workspace/cargo-home:/opt/rustwide/cargo-home:ro,Z" "-v" "/var/lib/crater-agent-workspace/rustup-home:/opt/rustwide/rustup-home:ro,Z" "-e" "SOURCE_DIR=/opt/rustwide/workdir" "-e" "CARGO_TARGET_DIR=/opt/rustwide/target" "-e" "CARGO_HOME=/opt/rustwide/cargo-home" "-e" "RUSTUP_HOME=/opt/rustwide/rustup-home" "-w" "/opt/rustwide/workdir" "-m" "1610612736" "--user" "0:0" "--network" "none" "rustops/crates-build-env@sha256:d92eaeed33fa75130ca1ee6c8a01d1ffb62bac859dfdfb3450e3e5d1c0146529" "/opt/rustwide/cargo-home/bin/cargo" "+72f88fc4e9458f89516a0b8b0868f3718aec5b47" "metadata" "--no-deps" "--format-version=1", kill_on_drop: false }`
[INFO] [stdout] ac329529d054d559a284c9758acab3a0e8e1a941eaa4288bc394b0d8bbccfc8c
[INFO] [stderr] WARNING: Your kernel does not support swap limit capabilities or the cgroup is not mounted. Memory limited without swap.
[INFO] running `Command { std: "docker" "start" "-a" "ac329529d054d559a284c9758acab3a0e8e1a941eaa4288bc394b0d8bbccfc8c", kill_on_drop: false }`
[INFO] running `Command { std: "docker" "inspect" "ac329529d054d559a284c9758acab3a0e8e1a941eaa4288bc394b0d8bbccfc8c", kill_on_drop: false }`
[INFO] running `Command { std: "docker" "rm" "-f" "ac329529d054d559a284c9758acab3a0e8e1a941eaa4288bc394b0d8bbccfc8c", kill_on_drop: false }`
[INFO] [stdout] ac329529d054d559a284c9758acab3a0e8e1a941eaa4288bc394b0d8bbccfc8c
[INFO] running `Command { std: "docker" "create" "-v" "/var/lib/crater-agent-workspace/builds/worker-5/target:/opt/rustwide/target:rw,Z" "-v" "/var/lib/crater-agent-workspace/builds/worker-5/source:/opt/rustwide/workdir:ro,Z" "-v" "/var/lib/crater-agent-workspace/cargo-home:/opt/rustwide/cargo-home:ro,Z" "-v" "/var/lib/crater-agent-workspace/rustup-home:/opt/rustwide/rustup-home:ro,Z" "-e" "SOURCE_DIR=/opt/rustwide/workdir" "-e" "CARGO_TARGET_DIR=/opt/rustwide/target" "-e" "CARGO_INCREMENTAL=0" "-e" "RUST_BACKTRACE=full" "-e" "RUSTFLAGS=--cap-lints=forbid" "-e" "CARGO_HOME=/opt/rustwide/cargo-home" "-e" "RUSTUP_HOME=/opt/rustwide/rustup-home" "-w" "/opt/rustwide/workdir" "-m" "1610612736" "--user" "0:0" "--network" "none" "rustops/crates-build-env@sha256:d92eaeed33fa75130ca1ee6c8a01d1ffb62bac859dfdfb3450e3e5d1c0146529" "/opt/rustwide/cargo-home/bin/cargo" "+72f88fc4e9458f89516a0b8b0868f3718aec5b47" "check" "--frozen" "--all" "--all-targets" "--message-format=json", kill_on_drop: false }`
[INFO] [stdout] 2e56212f845e3c824fd858bcc63bcbfe6f12f7bd60b3caef4040dca20347af04
[INFO] [stderr] WARNING: Your kernel does not support swap limit capabilities or the cgroup is not mounted. Memory limited without swap.
[INFO] running `Command { std: "docker" "start" "-a" "2e56212f845e3c824fd858bcc63bcbfe6f12f7bd60b3caef4040dca20347af04", kill_on_drop: false }`
[INFO] [stderr] warning: dependency (gl) specified without providing a local path, Git repository, or version to use. This will be considered an error in future versions
[INFO] [stderr]    Compiling autocfg v1.0.1
[INFO] [stderr]    Compiling cfg-if v0.1.10
[INFO] [stderr]    Compiling libc v0.2.77
[INFO] [stderr]    Compiling pkg-config v0.3.18
[INFO] [stderr]    Compiling cc v1.0.59
[INFO] [stderr]    Compiling khronos_api v3.1.0
[INFO] [stderr]    Compiling xml-rs v0.8.3
[INFO] [stderr]    Compiling bitflags v1.2.1
[INFO] [stderr]    Compiling sdl2 v0.32.2
[INFO] [stderr]     Checking lazy_static v1.4.0
[INFO] [stderr]    Compiling rand_pcg v0.1.2
[INFO] [stderr]    Compiling rand_chacha v0.1.1
[INFO] [stderr]    Compiling rand v0.6.5
[INFO] [stderr]    Compiling log v0.4.11
[INFO] [stderr]    Compiling sdl2-sys v0.32.6
[INFO] [stderr]    Compiling num-traits v0.2.12
[INFO] [stderr]    Compiling num-integer v0.1.43
[INFO] [stderr]    Compiling num-iter v0.1.41
[INFO] [stderr]    Compiling freetype-sys v0.7.1
[INFO] [stderr]    Compiling gl_generator v0.14.0
[INFO] [stderr]    Compiling libz-sys v1.1.2
[INFO] [stderr]     Checking rand_os v0.1.3
[INFO] [stderr]     Checking freetype-rs v0.19.1
[INFO] [stderr]    Compiling gl v0.14.0
[INFO] [stderr]     Checking num v0.1.42
[INFO] [stderr]     Checking sdl_physics v0.1.1 (/opt/rustwide/workdir)
[INFO] [stdout] error[E0433]: failed to resolve: could not find `Gl` in `gl`
[INFO] [stdout]   --> src/main.rs:42:13
[INFO] [stdout]    |
[INFO] [stdout] 42 |         gl::Gl::load_with(|s| video_subsystem.gl_get_proc_address(s) as *const std::ffi::c_void);
[INFO] [stdout]    |             ^^ could not find `Gl` in `gl`
[INFO] [stdout] 
[INFO] [stdout] 
[INFO] [stdout] error[E0412]: cannot find type `Gl` in crate `gl`
[INFO] [stdout]    --> src/gl_draw.rs:345:14
[INFO] [stdout]     |
[INFO] [stdout] 345 |     gl: &gl::Gl,
[INFO] [stdout]     |              ^^ not found in `gl`
[INFO] [stdout] 
[INFO] [stdout] 
[INFO] [stdout] error[E0412]: cannot find type `Gl` in crate `gl`
[INFO] [stdout]  --> src/gl_render.rs:5:13
[INFO] [stdout]   |
[INFO] [stdout] 5 |     gl: gl::Gl,
[INFO] [stdout]   |             ^^ not found in `gl`
[INFO] [stdout] 
[INFO] [stdout] 
[INFO] [stdout] error[E0412]: cannot find type `Gl` in crate `gl`
[INFO] [stdout]   --> src/gl_render.rs:10:17
[INFO] [stdout]    |
[INFO] [stdout] 10 |     pub gl: gl::Gl,
[INFO] [stdout]    |                 ^^ not found in `gl`
[INFO] [stdout] 
[INFO] [stdout] 
[INFO] [stdout] error[E0412]: cannot find type `Gl` in crate `gl`
[INFO] [stdout]   --> src/gl_render.rs:20:35
[INFO] [stdout]    |
[INFO] [stdout] 20 |     pub fn blank_program(gl: &gl::Gl) -> Program {
[INFO] [stdout]    |                                   ^^ not found in `gl`
[INFO] [stdout] 
[INFO] [stdout] 
[INFO] [stdout] error[E0412]: cannot find type `Gl` in crate `gl`
[INFO] [stdout]   --> src/gl_render.rs:27:34
[INFO] [stdout]    |
[INFO] [stdout] 27 |     pub fn from_shaders(gl: &gl::Gl, shaders: &[Shader]) -> Result<Program, String> {
[INFO] [stdout]    |                                  ^^ not found in `gl`
[INFO] [stdout] 
[INFO] [stdout] 
[INFO] [stdout] error[E0412]: cannot find type `Gl` in crate `gl`
[INFO] [stdout]   --> src/gl_render.rs:85:29
[INFO] [stdout]    |
[INFO] [stdout] 85 |     fn from_source(gl: &gl::Gl, src: &CStr, kind: gl::types::GLenum) -> Result<Shader, String> {
[INFO] [stdout]    |                             ^^ not found in `gl`
[INFO] [stdout] 
[INFO] [stdout] 
[INFO] [stdout] error[E0412]: cannot find type `Gl` in crate `gl`
[INFO] [stdout]   --> src/gl_render.rs:92:40
[INFO] [stdout]    |
[INFO] [stdout] 92 |     pub fn from_vertex_source(gl: &gl::Gl, src: &CStr) -> Result<Shader, String> {
[INFO] [stdout]    |                                        ^^ not found in `gl`
[INFO] [stdout] 
[INFO] [stdout] 
[INFO] [stdout] error[E0412]: cannot find type `Gl` in crate `gl`
[INFO] [stdout]   --> src/gl_render.rs:96:38
[INFO] [stdout]    |
[INFO] [stdout] 96 |     pub fn from_frag_source(gl: &gl::Gl, src: &CStr) -> Result<Shader, String> {
[INFO] [stdout]    |                                      ^^ not found in `gl`
[INFO] [stdout] 
[INFO] [stdout] 
[INFO] [stdout] error[E0412]: cannot find type `Gl` in crate `gl`
[INFO] [stdout]    --> src/gl_render.rs:109:32
[INFO] [stdout]     |
[INFO] [stdout] 109 | fn shader_from_source(gl: &gl::Gl, src: &CStr, kind: gl::types::GLenum) -> Result<gl::types::GLuint, String> {
[INFO] [stdout]     |                                ^^ not found in `gl`
[INFO] [stdout] 
[INFO] [stdout] 
[INFO] [stdout] error[E0412]: cannot find type `Gl` in crate `gl`
[INFO] [stdout]  --> src/input.rs:7:13
[INFO] [stdout]   |
[INFO] [stdout] 7 |     gl: gl::Gl,
[INFO] [stdout]   |             ^^ not found in `gl`
[INFO] [stdout] 
[INFO] [stdout] 
[INFO] [stdout] error[E0412]: cannot find type `Gl` in crate `gl`
[INFO] [stdout]   --> src/input.rs:20:25
[INFO] [stdout]    |
[INFO] [stdout] 20 |     pub fn new(gl: &gl::Gl, x: f32, y: f32, width: f32, height: f32, onclick: String) -> Button {
[INFO] [stdout]    |                         ^^ not found in `gl`
[INFO] [stdout] 
[INFO] [stdout] 
[INFO] [stdout] error[E0412]: cannot find type `Gl` in crate `gl`
[INFO] [stdout]   --> src/window.rs:18:17
[INFO] [stdout]    |
[INFO] [stdout] 18 |     pub gl: gl::Gl,
[INFO] [stdout]    |                 ^^ not found in `gl`
[INFO] [stdout] 
[INFO] [stdout] 
[INFO] [stdout] error[E0412]: cannot find type `Gl` in crate `gl`
[INFO] [stdout]   --> src/window.rs:38:25
[INFO] [stdout]    |
[INFO] [stdout] 38 |     pub fn new(gl: &gl::Gl, x_range: f32, y_range: f32, sim: Rc<RefCell<Simulator>>) -> WindowData {
[INFO] [stdout]    |                         ^^ not found in `gl`
[INFO] [stdout] 
[INFO] [stdout] 
[INFO] [stdout] error[E0433]: failed to resolve: could not find `Gl` in `gl`
[INFO] [stdout]   --> src/main.rs:42:13
[INFO] [stdout]    |
[INFO] [stdout] 42 |         gl::Gl::load_with(|s| video_subsystem.gl_get_proc_address(s) as *const std::ffi::c_void);
[INFO] [stdout]    |             ^^ could not find `Gl` in `gl`
[INFO] [stdout] 
[INFO] [stdout] 
[INFO] [stdout] error[E0412]: cannot find type `Gl` in crate `gl`
[INFO] [stdout]    --> src/gl_draw.rs:345:14
[INFO] [stdout]     |
[INFO] [stdout] 345 |     gl: &gl::Gl,
[INFO] [stdout]     |              ^^ not found in `gl`
[INFO] [stdout] 
[INFO] [stdout] 
[INFO] [stdout] error[E0412]: cannot find type `Gl` in crate `gl`
[INFO] [stdout]  --> src/gl_render.rs:5:13
[INFO] [stdout]   |
[INFO] [stdout] 5 |     gl: gl::Gl,
[INFO] [stdout]   |             ^^ not found in `gl`
[INFO] [stdout] 
[INFO] [stdout] 
[INFO] [stdout] error[E0412]: cannot find type `Gl` in crate `gl`
[INFO] [stdout]   --> src/gl_render.rs:10:17
[INFO] [stdout]    |
[INFO] [stdout] 10 |     pub gl: gl::Gl,
[INFO] [stdout]    |                 ^^ not found in `gl`
[INFO] [stdout] 
[INFO] [stdout] 
[INFO] [stdout] error[E0412]: cannot find type `Gl` in crate `gl`
[INFO] [stdout]   --> src/gl_render.rs:20:35
[INFO] [stdout]    |
[INFO] [stdout] 20 |     pub fn blank_program(gl: &gl::Gl) -> Program {
[INFO] [stdout]    |                                   ^^ not found in `gl`
[INFO] [stdout] 
[INFO] [stdout] 
[INFO] [stdout] error[E0412]: cannot find type `Gl` in crate `gl`
[INFO] [stdout]   --> src/gl_render.rs:27:34
[INFO] [stdout]    |
[INFO] [stdout] 27 |     pub fn from_shaders(gl: &gl::Gl, shaders: &[Shader]) -> Result<Program, String> {
[INFO] [stdout]    |                                  ^^ not found in `gl`
[INFO] [stdout] 
[INFO] [stdout] 
[INFO] [stdout] error[E0412]: cannot find type `Gl` in crate `gl`
[INFO] [stdout]   --> src/gl_render.rs:85:29
[INFO] [stdout]    |
[INFO] [stdout] 85 |     fn from_source(gl: &gl::Gl, src: &CStr, kind: gl::types::GLenum) -> Result<Shader, String> {
[INFO] [stdout]    |                             ^^ not found in `gl`
[INFO] [stdout] 
[INFO] [stdout] 
[INFO] [stdout] error[E0412]: cannot find type `Gl` in crate `gl`
[INFO] [stdout]   --> src/gl_render.rs:92:40
[INFO] [stdout]    |
[INFO] [stdout] 92 |     pub fn from_vertex_source(gl: &gl::Gl, src: &CStr) -> Result<Shader, String> {
[INFO] [stdout]    |                                        ^^ not found in `gl`
[INFO] [stdout] 
[INFO] [stdout] 
[INFO] [stdout] error[E0412]: cannot find type `Gl` in crate `gl`
[INFO] [stdout]   --> src/gl_render.rs:96:38
[INFO] [stdout]    |
[INFO] [stdout] 96 |     pub fn from_frag_source(gl: &gl::Gl, src: &CStr) -> Result<Shader, String> {
[INFO] [stdout]    |                                      ^^ not found in `gl`
[INFO] [stdout] 
[INFO] [stdout] 
[INFO] [stdout] error[E0412]: cannot find type `Gl` in crate `gl`
[INFO] [stdout]    --> src/gl_render.rs:109:32
[INFO] [stdout]     |
[INFO] [stdout] 109 | fn shader_from_source(gl: &gl::Gl, src: &CStr, kind: gl::types::GLenum) -> Result<gl::types::GLuint, String> {
[INFO] [stdout]     |                                ^^ not found in `gl`
[INFO] [stdout] 
[INFO] [stdout] 
[INFO] [stdout] error[E0412]: cannot find type `Gl` in crate `gl`
[INFO] [stdout]  --> src/input.rs:7:13
[INFO] [stdout]   |
[INFO] [stdout] 7 |     gl: gl::Gl,
[INFO] [stdout]   |             ^^ not found in `gl`
[INFO] [stdout] 
[INFO] [stdout] 
[INFO] [stdout] error[E0412]: cannot find type `Gl` in crate `gl`
[INFO] [stdout]   --> src/input.rs:20:25
[INFO] [stdout]    |
[INFO] [stdout] 20 |     pub fn new(gl: &gl::Gl, x: f32, y: f32, width: f32, height: f32, onclick: String) -> Button {
[INFO] [stdout]    |                         ^^ not found in `gl`
[INFO] [stdout] 
[INFO] [stdout] 
[INFO] [stdout] error[E0412]: cannot find type `Gl` in crate `gl`
[INFO] [stdout]   --> src/window.rs:18:17
[INFO] [stdout]    |
[INFO] [stdout] 18 |     pub gl: gl::Gl,
[INFO] [stdout]    |                 ^^ not found in `gl`
[INFO] [stdout] 
[INFO] [stdout] 
[INFO] [stdout] error[E0412]: cannot find type `Gl` in crate `gl`
[INFO] [stdout]   --> src/window.rs:38:25
[INFO] [stdout]    |
[INFO] [stdout] 38 |     pub fn new(gl: &gl::Gl, x_range: f32, y_range: f32, sim: Rc<RefCell<Simulator>>) -> WindowData {
[INFO] [stdout]    |                         ^^ not found in `gl`
[INFO] [stdout] 
[INFO] [stdout] 
[INFO] [stdout] error: aborting due to 14 previous errors
[INFO] [stdout] 
[INFO] [stdout] 
[INFO] [stdout] Some errors have detailed explanations: E0412, E0433.
[INFO] [stdout] 
[INFO] [stdout] For more information about an error, try `rustc --explain E0412`.
[INFO] [stdout] 
[INFO] [stderr] error: could not compile `sdl_physics`.
[INFO] [stderr] 
[INFO] [stderr] To learn more, run the command again with --verbose.
[INFO] [stderr] warning: build failed, waiting for other jobs to finish...
[INFO] [stdout] error: aborting due to 14 previous errors
[INFO] [stdout] 
[INFO] [stdout] 
[INFO] [stdout] Some errors have detailed explanations: E0412, E0433.
[INFO] [stdout] 
[INFO] [stdout] For more information about an error, try `rustc --explain E0412`.
[INFO] [stdout] 
[INFO] [stderr] error: build failed
[INFO] running `Command { std: "docker" "inspect" "2e56212f845e3c824fd858bcc63bcbfe6f12f7bd60b3caef4040dca20347af04", kill_on_drop: false }`
[INFO] running `Command { std: "docker" "rm" "-f" "2e56212f845e3c824fd858bcc63bcbfe6f12f7bd60b3caef4040dca20347af04", kill_on_drop: false }`
[INFO] [stdout] 2e56212f845e3c824fd858bcc63bcbfe6f12f7bd60b3caef4040dca20347af04
